5*x + 45. Is o(w) prime?
False
Let m(b) = 733*b**3 + 41*b**2 - 162*b + 25. Is m(6) prime?
False
Suppose 142 = -42*p - 194. Is (-86)/(-129)*47934/p*-2 a composite number?
True
Let m(i) be the second derivative of i**5/20 + 37*i**4/12 + 65*i**3/6 + 2*i**2 + 22*i + 3. Is m(-25) a composite number?
False
Let z(j) = -3*j**2 - 9*j + 3. Let g be z(-11). Let p be ((-38)/6)/(3/g). Suppose -4*x - p = 2*w - 3*w, -5*x = 3*w - 1738. Is w a composite number?
False
Is (0 - 2 - -37155)/(-5 - -6) prime?
False
Let m = 1192 + -1669. Let p = m - -8332. Is p a prime number?
False
Suppose -161*c + 32576962 - 12973078 = -46331573. Is c a composite number?
True
Let a(w) = 2*w**2 - 11*w + 14. Let q be a(4). Suppose x + 2*m = q, -2*m + m + 2 = x. Suppose -4*z + 430 = -x*z. Is z a composite number?
True
Suppose -106*q + 49*q = -2811126. Is q a composite number?
True
Suppose n = -4*t + 26, t = 3*n + 2 - 15. Suppose 0 = n*j + 3*j - 7911. Let o = j + -80. Is o a composite number?
True
Let c(r) = -r**2 + 8*r - 31. Suppose -u - 5 = 4*u. Let f(g) = g. Let i(k) = u*c(k) + f(k). Is i(-22) a prime number?
False
Let u = 328 - 315. Let b(i) = 19*i**2 - 6*i + 18. Is b(u) prime?
False
Let a(z) = -53*z - 85. Let l be a(-11). Is (l/(-12))/(2 - (-10)/(-4)) composite?
False
Let x(c) = -45*c + 84. Suppose 2*i = 5*r - 4*r - 37, 4*i + 5*r + 53 = 0. Is x(i) a composite number?
True
Is ((3/4)/((-54)/144))/((-4)/279698) prime?
False
Let i(w) = 16724*w**2 + 17*w + 173. Is i(-6) a prime number?
False
Let j = 218557 + 46852. Is j composite?
True
Let a = 54 + -580. Let y = a - -906. Let x = 1147 - y. Is x a prime number?
False
Let w(f) = 820*f**2 + 36*f - 1323. Is w(22) prime?
True
Let s be (-18)/(-63) - (-1640)/(-7). Is (s/12)/(-13)*5036/6 prime?
True
Let m(u) = 7991*u - 8. Let p be m(1). Suppose 0 = -6*f + 124647 - p. Suppose 2*v - 6*v = -f. Is v a composite number?
False
Let h(n) = -754*n - 348. Let k(a) = 1131*a + 524. Let s(u) = -8*h(u) - 5*k(u). Is s(31) a prime number?
False
Let p(u) be the second derivative of 331*u**5/4 + u**4/3 - 2*u**3/3 + u**2 + 7*u + 5. Is p(1) a composite number?
False
Suppose 5*g = 0, -b - 4*g + 6 - 2 = 0. Suppose -3*l = 5*y - 35, 4*y - b*l + 3 = -1. Is -1 + 353/y + (-2)/8 a composite number?
True
Let d(r) = r + 3. Let v be d(0). Suppose -v*h + 4318 + 368 = 0. Let u = h - 345. Is u a prime number?
True
Let p = -273439 + 579552. Is p prime?
False
Let p = 7409 - -770. Is -2 + p/6 - 5/30 prime?
True
Let i(t) = 17*t**3 - 22*t**2 + 86*t - 173. Is i(16) prime?
True
Let w(g) = -g**3 - 2*g**2 - g. Let q be w(-2). Let j(h) = 11*h - 4. Let v be j(18). Suppose q*y - 568 = v. Is y a composite number?
True
Let m(s) = -46*s - 20. Let z(l) = -39*l - 20. Let b(u) = -4*m(u) + 3*z(u). Let r = -8 - -14. Is b(r) a composite number?
True
Is (-6 - 304/(-57))/((-2)/106707) prime?
True
Suppose -2*o = -4, 4*v = -o + 153942 + 6424. Is v prime?
False
Let v(z) be the first derivative of -1017*z**2/2 + 73*z - 96. Is v(-5) a composite number?
True
Let i be 3*(2/(-3) - 40/(-24)). Suppose 4*r = -0*r - b + 16, r = -2*b - i. Suppose n - 3249 = -r*x, 5*x + 9783 = 3*n + 2*x. Is n composite?
False
Let i = 7 - 19. Is 1/((-4)/(-148))*(1 - i) prime?
False
Let d = 503919 + -240382. Is d a prime number?
True
Let t = 258015 - 147494. Is t a composite number?
True
Suppose 3*k - 139553 = s, -3*k = -23*s + 29*s - 139581. Is k prime?
False
Let c(s) = 1788*s**2 + 76*s - 601. Is c(12) a composite number?
False
Suppose 6*n = 7*n - 62. Suppose 22 + n = -3*z. Let i = z - -105. Is i composite?
True
Suppose 0 = 60*r - 46*r - 1682198. Is r a prime number?
True
Suppose -2*i - 52 = 8. Let t be (i/40)/(6/(-16)). Suppose 4*h = 3*d + 2*h - 2307, -2*h = -t*d + 1538. Is d composite?
False
Suppose -2*q + 15 = -3. Let a(l) = l - l**3 - 4*l**3 - 3*l**2 + 3 + 6 + q*l**3. Is a(4) a composite number?
True
Let o(r) = r**2 + 9*r - 109. Let p be o(7). Suppose 0 = p*z + 2*i - 5085, -3*i = -3*z - 453 + 5523. Is z composite?
False
Suppose -42*w = -7*w + 4*w - 2948829. Is w a composite number?
False
Let c(t) = -t**3 - 9*t**2 + 7*t - 3. Let q be c(-10). Let h be 3/(-4)*(-36)/q. Is h - -177 - 14/(-14) prime?
True
Let j(i) = 126*i**3 + 4*i**2 - 36*i + 243. Is j(8) a prime number?
False
Suppose -2169 = -6*p - 597. Suppose 4*s = -2*b + p, b - 250 = -b - s. Is b a prime number?
False
Let x(i) = -21*i**2 - 24*i + 15. Let y(p) = 31*p**2 + 35*p - 22. Let j(b) = -8*x(b) - 5*y(b). Is j(8) prime?
False
Let i = -21 + 27. Suppose -2 = -2*g - i. Is (11*g)/(10/(-215)) a prime number?
False
Suppose 52 = -4*d + 2*u, 3*d - 59 = 8*d - 4*u. Let f(g) = -236*g - 245. Is f(d) prime?
False
Let q = -123 - -128. Suppose -2*g - i = -0*i - 3319, -q = -i. Is g prime?
True
Suppose -17*c - 10*c = -513. Suppose -2*p - c*p + 14007 = 0. Is p prime?
False
Let w be 47/(-4) - (-3)/(-12). Let c be 5/((-15)/(-164)) + (-4)/w. Suppose -276 = -k + c. Is k a composite number?
False
Suppose 58 = -0*u - 2*u. Let d = 21 + u. Is -2*(0 - (-4652)/d) a prime number?
True
Let q be (0/(-3) + 3)*18/(-2). Is (-18)/81 - 102417/q a composite number?
False
Suppose 148*a = 153*a - 25. Suppose a*t + 2*f - 81347 = 0, -t + 16275 = f - 2*f. Is t composite?
True
Suppose 146*t - 149*t = -4*a - 24, 4*t - 32 = -a. Suppose -5*p + 2*m = -1767, -3*m + 350 = p - 0*p. Suppose a = -3*k + 2*g + p, -5*g - 74 = -k + 35. Is k prime?
False
Let f(z) = 193*z**2 + 14*z - 16. Let q be f(10). Let w = q - 13525. Is w a composite number?
True
Let i be (-3535)/(-25) + 1/5*-2. Suppose 0*p + 3*p - i = -3*b, -2*p = 5*b - 109. Is (29092/p)/(-1 + 10/6) composite?
False
Suppose 3 - 7 = -t. Let z(n) = 3*n**3 - 2*n**2 - 112*n - 28. Let g be z(10). Suppose 2*p + g = 2*b, 13 - 1 = t*p. Is b prime?
True
Suppose -52 = 3*r - 16*r. Suppose -5*t + 2014 = -r*x - 2312, 3*x - 2574 = -3*t. Is t a prime number?
False
Suppose 11*p - 8*p + 2*t = 119, -4*p = 4*t - 160. Suppose w - 21 = -2*g, -w = 4*g - p + 10. Suppose w*i - 12*i = 2897. Is i prime?
True
Let q(r) = -25*r**3 - 4*r**2 - 5*r. Let v be q(-1). Suppose 0 = 4*m - 410 - v. Is m prime?
True
Suppose -j + n + 107462 = 30673, 0 = n. Is j composite?
True
Suppose 38496051 = 248*g - 1434921 + 9683156. Is g a prime number?
True
Suppose -5 = d - 3*s, -3*d - 9 = s - 4*s. Is 1*2233/(-7)*d/2 a prime number?
False
Suppose 3641340 + 12436813 = 169*a. Is a a composite number?
True
Suppose -o + n + 16853 = 0, 2*n = -14*o + 13*o + 16832. Is o prime?
False
Suppose -1565312 = -78*z - 60770. Is z composite?
False
Suppose 5168108 = 6*d + 2*g, -861355 = -130*d + 129*d - 4*g. Is d composite?
True
Suppose 2*f = -5*x + 3454, -2*x = -4*f - 377 - 1019. Suppose 7*g - 27019 + x = 0. Is g a prime number?
True
Suppose -v = k + 2 - 1, 5*k = -2*v - 11. Suppose -11*n + 9*n + v*f + 31940 = 0, -5*n + 79859 = 4*f. Is n composite?
False
Suppose 25*d = 6*d + 75454 + 31383. Is d a prime number?
True
Let d = -1589518 + 2321991. Is d prime?
False
Let r(p) = 6*p + 9. Let f(o) = o. Let j(w) = -9*f(w) + r(w). Let d be j(0). Let a(l) = 90*l**2 - 19*l - 2. Is a(d) composite?
True
Suppose -31*v + 175859 + 165420 = 0. Is v a composite number?
True
Let d = 11827 + 12192. Is d composite?
False
Suppose -44313587 = -38*z - 2*z - 3404427. Is z composite?
False
Let n = 38915 - -35076. Is n composite?
True
Let c(r) = 5209*r**3 - 10*r**2 + 25*r - 193. Is c(6) prime?
True
Is (4 - 5 - -4)/((-60)/(-2629300)) a composite number?
True
Let j(s) = -27617*s + 12151. Is j(-44) a prime number?
True
Let a = -41 - -36. Let r be (70/a)/(6/(-3)). Suppose -r*v + 780 + 319 = 0. Is v prime?
True
Suppose -13*p - 48 = -p. Let o be (-4)/(p/51)*(-472)/(-6). Suppose -38*n = -42*n + o. Is n prime?
False
Let b(f) = -f**2 - 9*f + 12. Let q be b(-10). Suppose -q*l = 3*g - 6*l + 4407, -2*g - 3*l = 2938. Let v = 2638 + g. Is v a prime number?
False
Let q = -35099 - -71308. Is q prime?
True
Is (-202177)/(-4)*((-16)/28)/((-12)/84) prime?
False
Suppose 0 = r + 3*r + 4, f - 18 = 5*r. Suppose 1 = 7*m - f. Suppose -2*y - 2*q - 638 = -5*y, 2*q + 424 = m*y. Is y a composite number?
True
Let s(m) = 86*m - 15. Suppose -4*i = -2*y - 2, 4*y - 16 = -0*y - 2*i. Let b(f) = -86*f + 16. Let p(k) = y*s(k) + 2*b(k). Is p(7) prime?
False
Suppose 4*n - 24367 = -5*f + 15035, n = -3*f + 9847. Suppose -44719 - n = -4*y. Is y prime?
False
Let t(o) = -4*o**2 + 3*o - 2. Let w be t(2). Let f b